he greatest common factor of 44 and 704.
44
What is the highest common factor of 285 and 399?
57
What is the greatest common factor of 8 and 724?
4
Calculate the highest common factor of 288 and 27.
9
What is the greatest common divisor of 24714 and 18?
18
What is the highest common factor of 420 and 36?
12
Calculate the greatest common divisor of 140 and 84.
28
Calculate the greatest common divisor of 567 and 7.
7
What is the highest common divisor of 112 and 144?
16
Calculate the greatest common divisor of 329 and 94.
47
What is the greatest common divisor of 1491 and 21?
21
Calculate the greatest common divisor of 16808 and 88.
88
What is the highest common factor of 2047 and 1424?
89
What is the highest common factor of 1086 and 6?
6
What is the greatest common factor of 876 and 12?
12
What is the highest common factor of 10890 and 405?
45
What is the highest common factor of 228 and 532?
76
Calculate the highest common factor of 1494 and 216.
18
What is the greatest common factor of 68 and 2618?
34
What is the highest common factor of 1247 and 29?
29
What is the greatest common factor of 102 and 81702?
102
Calculate the greatest common divisor of 510 and 210.
30
Calculate the greatest common divisor of 6 and 99.
3
Calculate the greatest common factor of 5250 and 25.
25
Calculate the greatest common factor of 24 and 72.
24
Calculate the highest common factor of 201 and 9849.
201
What is the highest common factor of 35392 and 28?
28
Calculate the highest common factor of 70 and 32270.
70
What is the greatest common factor of 1919 and 684?
19
What is the highest common factor of 6519 and 123?
123
What is the highest common factor of 768 and 48?
48
What is the highest common factor of 1033 and 1?
1
What is the highest common divisor of 21 and 12?
3
Calculate the greatest common factor of 15 and 141.
3
What is the highest common divisor of 52 and 403?
13
What is the greatest common divisor of 114 and 4218?
114
Calculate the highest common divisor of 12322 and 366.
122
What is the highest common factor of 2210 and 390?
130
Calculate the highest common divisor of 1911 and 39.
39
Calculate the highest common factor of 712 and 8.
8
What is the highest common factor of 396 and 18?
18
Calculate the highest common factor of 32 and 2944.
32
Calculate the greatest common divisor of 21904 and 16.
16
What is the greatest common factor of 384 and 3?
3
What is the greatest common divisor of 7310 and 850?
170
Calculate the highest common factor of 21076 and 44.
44
Calculate the greatest common divisor of 925 and 75.
25
Calculate the highest common factor of 370 and 592.
74
Calculate the highest common divisor of 38631 and 474.
237
What is the highest common divisor of 116 and 4582?
58
Calculate the highest common factor of 15 and 93.
3
What is the highest common divisor of 18 and 999?
9
What is the greatest common factor of 95 and 7695?
95
Calculate the greatest common divisor of 339 and 3.
3
Calculate the greatest common divisor of 372 and 217.
31
Calculate the highest common divisor of 23 and 368.
23
What is the greatest common factor of 15 and 1095?
15
What is the greatest common divisor of 19 and 19?
19
Calculate the greatest common divisor of 59 and 885.
59
Calculate the greatest common factor of 108 and 270.
54
Calculate the highest common factor of 174 and 2262.
174
What is the greatest common factor of 56 and 252?
28
What is the greatest common factor of 288 and 9?
9
Calculate the greatest common divisor of 30 and 705.
15
Calculate the greatest common divisor of 1927 and 235.
47
Calculate the greatest common factor of 108 and 2304.
36
Calculate the highest common divisor of 2180 and 40.
20
Calculate the greatest common factor of 6 and 282.
6
Calculate the greatest common factor of 220 and 176.
44
What is the highest common factor of 26 and 286?
26
What is the highest common factor of 32 and 32?
32
Calculate the highest common factor of 2982 and 42.
42
What is the greatest common factor of 444 and 564?
12
Calculate the highest common divisor of 260 and 880.
20
What is the highest common divisor of 528 and 4?
4
What is the greatest common factor of 1915 and 10?
5
Calculate the greatest common factor of 125 and 100.
25
What is the highest common divisor of 2486 and 22?
22
What is the highest common divisor of 33 and 2409?
33
Calculate the greatest common divisor of 2 and 2642.
2
Calculate the greatest common divisor of 55 and 10065.
55
What is the highest common factor of 117 and 13?
13
What is the greatest common divisor of 90 and 16938?
18
What is the greatest common factor of 107 and 2675?
107
What is the greatest common divisor of 3317 and 341?
31
Calculate the greatest common divisor of 27 and 198.
9
What is the greatest common divisor of 20 and 820?
20
What is the highest common factor of 48 and 1200?
48
What is the highest common factor of 650 and 7930?
130
Calculate the highest common factor of 208 and 5668.
52
What is the greatest common divisor of 84 and 87276?
84
What is the highest common divisor of 130 and 598?
26
Calculate the greatest common factor of 427 and 14.
7
What is the highest common factor of 6 and 114?
6
What is the highest common factor of 1770 and 75?
15
Calculate the highest common divisor of 210 and 6405.
105
Calculate the greatest common divisor of 32 and 884.
4
What is the highest common divisor of 4256 and 96?
32
Calculate the highest common divisor of 33 and 3993.
33
What is the highest common factor of 8 and 34?
2
What is the highest common divisor of 2016 and 567?
63
Calculate the greatest common divisor of 1251 and 9.
9
Calculate the greatest common divisor of 1 and 823.
1
What is the greatest common factor of 540 and 260?
20
What is the greatest common factor of 24797 and 548?
137
Calculate the greatest common divisor of 103 and 8137.
103
Calculate the highest common factor of 19 and 19.
19
Calculate the highest common factor of 1 and 11.
1
What is the greatest common factor of 45 and 195?
15
Calculate the greatest common factor of 5461 and 43.
43
What is the greatest common factor of 8451 and 54?
27
Calculate the highest common divisor of 30 and 310.
10
Calculate the highest common divisor of 510 and 34.
34
Calculate the greatest common divisor of 1250 and 50.
50
What is the greatest common divisor of 220 and 40?
20
What is the greatest common factor of 2005 and 5?
5
What is the highest common divisor of 136 and 119?
17
What is the greatest common divisor of 470 and 830?
10
Calculate the greatest common divisor of 15325 and 50.
25
What is the greatest common factor of 116 and 16008?
116
What is the greatest common divisor of 267 and 21?
3
Calculate the greatest common divisor of 132 and 9.
3
Calculate the greatest common divisor of 486 and 18.
18
Calculate the highest common factor of 705 and 15.
15
Calculate the greatest common divisor of 83 and 5561.
83
What is the highest common divisor of 48 and 708?
12
Calculate the greatest common divisor of 434 and 744.
62
Calculate the highest common factor of 3180 and 60.
60
Calculate the highest common divisor of 152 and 171.
19
Calculate the greatest common divisor of 2388 and 12.
12
Calculate the greatest common divisor of 163 and 1.
1
Calculate the highest common factor of 2158 and 166.
166
Calculate the greatest common factor of 1360 and 34.
34
What is the greatest common divisor of 3809 and 39?
13
What is the highest common factor of 798 and 342?
114
Calculate the highest common factor of 12 and 7302.
6
Calculate the highest common divisor of 198 and 10923.
33
What is the highest common divisor of 364 and 100?
4
Calculate the greatest common divisor of 48 and 1266.
6
Calculate the greatest common factor of 56 and 2.
2
Calculate the greatest common factor of 1829 and 472.
59
Calculate the greatest common divisor of 24 and 48.
24
What is the greatest common divisor of 500 and 2875?
125
Calculate the greatest common factor of 13 and 15366.
13
What is the greatest common divisor of 17 and 170?
17
What is the highest common factor of 120 and 696?
24
Calculate the highest common factor of 13 and 715.
13
What is the greatest common divisor of 2736 and 720?
144
What is the highest common divisor of 8 and 1?
1
What is the greatest common factor of 900 and 3240?
180
Calcu